{"id":120,"date":"2019-02-10T16:54:17","date_gmt":"2019-02-10T16:54:17","guid":{"rendered":"https:\/\/kunterbunte.lisa-begeisterung.de\/?page_id=120"},"modified":"2023-03-06T19:57:20","modified_gmt":"2023-03-06T19:57:20","slug":"kontakt-und-vorverkauf-2","status":"publish","type":"page","link":"https:\/\/www.die-kunterbunten-ev.de\/?page_id=120","title":{"rendered":"Kontakt und Vorverkauf"},"content":{"rendered":"\t\t<div data-elementor-type=\"wp-post\" data-elementor-id=\"120\" class=\"elementor elementor-120\">\n\t\t\t\t\t\t<section class=\"elementor-section elementor-top-section elementor-element elementor-element-f53162a elementor-section-boxed elementor-section-height-default elementor-section-height-default\" data-id=\"f53162a\" data-element_type=\"section\">\n\t\t\t\t\t\t<div class=\"elementor-container elementor-column-gap-default\">\n\t\t\t\t\t<div class=\"elementor-column elementor-col-100 elementor-top-column elementor-element elementor-element-16adc19\" data-id=\"16adc19\" data-element_type=\"column\">\n\t\t\t<div class=\"elementor-widget-wrap elementor-element-populated\">\n\t\t\t\t\t\t<div class=\"elementor-element elementor-element-0f2f71d elementor-arrows-position-inside elementor-pagination-position-outside elementor-widget elementor-widget-image-carousel\" data-id=\"0f2f71d\" data-element_type=\"widget\" data-settings=\"{&quot;slides_to_show&quot;:&quot;1&quot;,&quot;navigation&quot;:&quot;both&quot;,&quot;autoplay&quot;:&quot;yes&quot;,&quot;pause_on_hover&quot;:&quot;yes&quot;,&quot;pause_on_interaction&quot;:&quot;yes&quot;,&quot;autoplay_speed&quot;:5000,&quot;infinite&quot;:&quot;yes&quot;,&quot;effect&quot;:&quot;slide&quot;,&quot;speed&quot;:500}\" data-widget_type=\"image-carousel.default\">\n\t\t\t\t<div class=\"elementor-widget-container\">\n\t\t\t\t\t<div class=\"elementor-image-carousel-wrapper swiper\" dir=\"ltr\">\n\t\t\t<div class=\"elementor-image-carousel swiper-wrapper\" aria-live=\"off\">\n\t\t\t\t\t\t\t\t<div class=\"swiper-slide\" role=\"group\" aria-roledescription=\"slide\" aria-label=\"1 von 7\"><figure class=\"swiper-slide-inner\"><img decoding=\"async\" class=\"swiper-slide-image\" src=\"https:\/\/www.die-kunterbunten-ev.de\/wp-content\/uploads\/2019\/08\/HaschkeksMachtNochKeinenSommer_8_Header2.jpg\" alt=\"HaschkeksMachtNochKeinenSommer_8_Header2\" \/><\/figure><\/div><div class=\"swiper-slide\" role=\"group\" aria-roledescription=\"slide\" aria-label=\"2 von 7\"><figure class=\"swiper-slide-inner\"><img decoding=\"async\" class=\"swiper-slide-image\" src=\"https:\/\/www.die-kunterbunten-ev.de\/wp-content\/uploads\/2019\/08\/RaubImRurtalexpress_4_Header.jpg\" alt=\"RaubImRurtalexpress_4_Header\" \/><\/figure><\/div><div class=\"swiper-slide\" role=\"group\" aria-roledescription=\"slide\" aria-label=\"3 von 7\"><figure class=\"swiper-slide-inner\"><img decoding=\"async\" class=\"swiper-slide-image\" src=\"https:\/\/www.die-kunterbunten-ev.de\/wp-content\/uploads\/2019\/02\/zuschnitt_3.jpg\" alt=\"zuschnitt_3\" \/><\/figure><\/div><div class=\"swiper-slide\" role=\"group\" aria-roledescription=\"slide\" aria-label=\"4 von 7\"><figure class=\"swiper-slide-inner\"><img decoding=\"async\" class=\"swiper-slide-image\" src=\"https:\/\/www.die-kunterbunten-ev.de\/wp-content\/uploads\/2019\/08\/HaschkeksMachtNochKeinenSommer_4_Header2.jpg\" alt=\"HaschkeksMachtNochKeinenSommer_4_Header2\" \/><\/figure><\/div><div class=\"swiper-slide\" role=\"group\" aria-roledescription=\"slide\" aria-label=\"5 von 7\"><figure class=\"swiper-slide-inner\"><img decoding=\"async\" class=\"swiper-slide-image\" src=\"https:\/\/www.die-kunterbunten-ev.de\/wp-content\/uploads\/2019\/02\/zuschnitt_1-3.jpg\" alt=\"zuschnitt_1\" \/><\/figure><\/div><div class=\"swiper-slide\" role=\"group\" aria-roledescription=\"slide\" aria-label=\"6 von 7\"><figure class=\"swiper-slide-inner\"><img decoding=\"async\" class=\"swiper-slide-image\" src=\"https:\/\/www.die-kunterbunten-ev.de\/wp-content\/uploads\/2019\/02\/zuschnitt_2-1.jpg\" alt=\"zuschnitt_2\" \/><\/figure><\/div><div class=\"swiper-slide\" role=\"group\" aria-roledescription=\"slide\" aria-label=\"7 von 7\"><figure class=\"swiper-slide-inner\"><img decoding=\"async\" class=\"swiper-slide-image\" src=\"https:\/\/www.die-kunterbunten-ev.de\/wp-content\/uploads\/2019\/08\/RaubImRurtalexpress_11_Header.jpg\" alt=\"RaubImRurtalexpress_11_Header\" \/><\/figure><\/div>\t\t\t<\/div>\n\t\t\t\t\t\t\t\t\t\t\t\t<div class=\"elementor-swiper-button elementor-swiper-button-prev\" role=\"button\" tabindex=\"0\">\n\t\t\t\t\t\t<i aria-hidden=\"true\" class=\"eicon-chevron-left\"><\/i>\t\t\t\t\t<\/div>\n\t\t\t\t\t<div class=\"elementor-swiper-button elementor-swiper-button-next\" role=\"button\" tabindex=\"0\">\n\t\t\t\t\t\t<i aria-hidden=\"true\" class=\"eicon-chevron-right\"><\/i>\t\t\t\t\t<\/div>\n\t\t\t\t\n\t\t\t\t\t\t\t\t\t<div class=\"swiper-pagination\"><\/div>\n\t\t\t\t\t\t\t\t\t<\/div>\n\t\t\t\t<\/div>\n\t\t\t\t<\/div>\n\t\t\t\t\t<\/div>\n\t\t<\/div>\n\t\t\t\t\t<\/div>\n\t\t<\/section>\n\t\t\t\t<section class=\"elementor-section elementor-top-section elementor-element elementor-element-5a08df8 elementor-section-boxed elementor-section-height-default elementor-section-height-default\" data-id=\"5a08df8\" data-element_type=\"section\">\n\t\t\t\t\t\t<div class=\"elementor-container elementor-column-gap-default\">\n\t\t\t\t\t<div class=\"elementor-column elementor-col-100 elementor-top-column elementor-element elementor-element-a9aaa6a\" data-id=\"a9aaa6a\" data-element_type=\"column\">\n\t\t\t<div class=\"elementor-widget-wrap elementor-element-populated\">\n\t\t\t\t\t\t<div class=\"elementor-element elementor-element-bff33dd elementor-widget elementor-widget-heading\" data-id=\"bff33dd\" data-element_type=\"widget\" data-widget_type=\"heading.default\">\n\t\t\t\t<div class=\"elementor-widget-container\">\n\t\t\t<h1 class=\"elementor-heading-title elementor-size-default\">Kontakt & Vorverkauf<\/h1>\t\t<\/div>\n\t\t\t\t<\/div>\n\t\t\t\t\t<\/div>\n\t\t<\/div>\n\t\t\t\t\t<\/div>\n\t\t<\/section>\n\t\t\t\t<section class=\"elementor-section elementor-top-section elementor-element elementor-element-166f382 elementor-section-boxed elementor-section-height-default elementor-section-height-default\" data-id=\"166f382\" data-element_type=\"section\">\n\t\t\t\t\t\t<div class=\"elementor-container elementor-column-gap-default\">\n\t\t\t\t\t<div class=\"elementor-column elementor-col-100 elementor-top-column elementor-element elementor-element-100d794\" data-id=\"100d794\" data-element_type=\"column\">\n\t\t\t<div class=\"elementor-widget-wrap elementor-element-populated\">\n\t\t\t\t\t\t<div class=\"elementor-element elementor-element-68347cd elementor-widget elementor-widget-text-editor\" data-id=\"68347cd\" data-element_type=\"widget\" data-widget_type=\"text-editor.default\">\n\t\t\t\t<div class=\"elementor-widget-container\">\n\t\t\t\t\t\t\t<h2 style=\"box-sizing: inherit; font-size: 18px; margin-top: 0.83em; margin-bottom: 0px; font-family: Handlee, Geneva, Helvetica, 'Trebuchet MS', Verdana, sans-serif; line-height: 22px; font-variant-numeric: normal; font-variant-east-asian: normal; color: #696f71; clear: both;\">Kontakt<\/h2>\n<p style=\"box-sizing: inherit; margin-top: 1em; margin-bottom: 1.5em; color: #404040; font-family: sans-serif;\">Kunterbunten e.V.<br style=\"box-sizing: inherit;\">R\u00fcdiger Leesten<br>Im Tivoli 22<br>52393 H\u00fcrtgenwald (Stra\u00df)<br><a style=\"box-sizing: inherit; background-color: transparent; color: purple;\" href=\"mailto:ruedigerleesten@aol.com\" target=\"_blank\" rel=\"noopener\">ruedigerleesten@aol.com<\/a><\/p>\n<p style=\"box-sizing: inherit; margin-top: 1em; margin-bottom: 1.5em; color: #404040; font-family: sans-serif;\">\n<\/p><h2 style=\"box-sizing: inherit; font-size: 18px; margin-top: 0.83em; margin-bottom: 0px; font-family: Handlee, Geneva, Helvetica, 'Trebuchet MS', Verdana, sans-serif; line-height: 22px; font-variant-numeric: normal; font-variant-east-asian: normal; color: #696f71; clear: both;\">Vorverkaufstellen<\/h2>\n<p style=\"box-sizing: inherit; margin-top: 1em; margin-bottom: 1.5em; color: #404040; font-family: sans-serif;\"><span style=\"font-weight: var( --e-global-typography-text-font-weight ); background-color: var(--nv-site-bg);\">Optik Oepen<\/span><br><\/p><p style=\"box-sizing: inherit; margin-top: 1em; margin-bottom: 1.5em; color: #404040; font-family: sans-serif;\">Monschauerstr. 90<br style=\"box-sizing: inherit;\">52355 D\u00fcren<\/p>\n<p style=\"box-sizing: inherit; margin-top: 1em; margin-bottom: 1.5em; color: #404040; font-family: sans-serif;\">Kunterbunten e.V.<br style=\"box-sizing: inherit;\">R\u00fcdiger Leesten<br>Im Tivoli 22<br>52393 H\u00fcrtgenwald (Stra\u00df)<br><\/p>\t\t\t\t\t\t<\/div>\n\t\t\t\t<\/div>\n\t\t\t\t\t<\/div>\n\t\t<\/div>\n\t\t\t\t\t<\/div>\n\t\t<\/section>\n\t\t\t\t<section class=\"elementor-section elementor-top-section elementor-element elementor-element-9bd7019 elementor-section-boxed elementor-section-height-default elementor-section-height-default\" data-id=\"9bd7019\" data-element_type=\"section\">\n\t\t\t\t\t\t<div class=\"elementor-container elementor-column-gap-default\">\n\t\t\t\t\t<div class=\"elementor-column elementor-col-100 elementor-top-column elementor-element elementor-element-3b878e8\" data-id=\"3b878e8\" data-element_type=\"column\">\n\t\t\t<div class=\"elementor-widget-wrap elementor-element-populated\">\n\t\t\t\t\t\t<div class=\"elementor-element elementor-element-24f5150 elementor-widget elementor-widget-spacer\" data-id=\"24f5150\" data-element_type=\"widget\" data-widget_type=\"spacer.default\">\n\t\t\t\t<div class=\"elementor-widget-container\">\n\t\t\t\t\t<div class=\"elementor-spacer\">\n\t\t\t<div class=\"elementor-spacer-inner\"><\/div>\n\t\t<\/div>\n\t\t\t\t<\/div>\n\t\t\t\t<\/div>\n\t\t\t\t\t<\/div>\n\t\t<\/div>\n\t\t\t\t\t<\/div>\n\t\t<\/section>\n\t\t\t\t<\/div>\n\t\t","protected":false},"excerpt":{"rendered":"<p>Zur\u00fcck Weiter Kontakt &#038; Vorverkauf Kontakt Kunterbunten e.V.R\u00fcdiger LeestenIm Tivoli 2252393 H\u00fcrtgenwald (Stra\u00df)ruedigerleesten@aol.com Vorverkaufstellen Optik Oepen Monschauerstr. 9052355 D\u00fcren Kunterbunten e.V.R\u00fcdiger LeestenIm Tivoli 2252393 H\u00fcrtgenwald (Stra\u00df)<\/p>\n","protected":false},"author":1,"featured_media":0,"parent":0,"menu_order":0,"comment_status":"closed","ping_status":"closed","template":"page-templates\/template-pagebuilder-full-width.php","meta":{"footnotes":""},"class_list":["post-120","page","type-page","status-publish","hentry","entry"],"_links":{"self":[{"href":"https:\/\/www.die-kunterbunten-ev.de\/index.php?rest_route=\/wp\/v2\/pages\/120","targetHints":{"allow":["GET"]}}],"collection":[{"href":"https:\/\/www.die-kunterbunten-ev.de\/index.php?rest_route=\/wp\/v2\/pages"}],"about":[{"href":"https:\/\/www.die-kunterbunten-ev.de\/index.php?rest_route=\/wp\/v2\/types\/page"}],"author":[{"embeddable":true,"href":"https:\/\/www.die-kunterbunten-ev.de\/index.php?rest_route=\/wp\/v2\/users\/1"}],"replies":[{"embeddable":true,"href":"https:\/\/www.die-kunterbunten-ev.de\/index.php?rest_route=%2Fwp%2Fv2%2Fcomments&post=120"}],"version-history":[{"count":20,"href":"https:\/\/www.die-kunterbunten-ev.de\/index.php?rest_route=\/wp\/v2\/pages\/120\/revisions"}],"predecessor-version":[{"id":384,"href":"https:\/\/www.die-kunterbunten-ev.de\/index.php?rest_route=\/wp\/v2\/pages\/120\/revisions\/384"}],"wp:attachment":[{"href":"https:\/\/www.die-kunterbunten-ev.de\/index.php?rest_route=%2Fwp%2Fv2%2Fmedia&parent=120"}],"curies":[{"name":"wp","href":"https:\/\/api.w.org\/{rel}","templated":true}]}}